e of -7*p**4/24 - p**3/6 + p**2. Calculate n(f).
6
Let q(p) = -45*p**2 - p. Let z(t) = -t**2 + 25*t - 23. Let w be z(24). What is q(w)?
-46
Let q(z) = z**2 + 9*z + 3. Let r = 73 + -77. Let a be (-1 + -1)*(-20)/32*r. What is q(a)?
-17
Let l(s) = 2*s + 5. Let q be 6/((12/(-8))/1). Calculate l(q).
-3
Let i(r) be the second derivative of -r**4/12 + r**3 + 13*r**2/2 + r - 8. Give i(8).
-3
Let l(f) = f. Let g = -18 - -23. Let y(c) = -4*c - 3 - 3 + g. Let m(n) = 2*l(n) - y(n). Give m(-1).
-5
Suppose 49 = -2*f + 135. Let h = 37 - f. Let o(g) = g**3 + 6*g**2 - 1. What is o(h)?
-1
Suppose -t - 66 = -2*y + 147, 222 = 2*y + 2*t. Let h(c) = -109*c**2 - c - 3 + y*c**2 + 0*c. Calculate h(0).
-3
Let q be (20/6)/(8/(-12)). Let h = 0 - q. Let i(b) = -b - 3*b**2 + 0 - h + 7*b**2 - 3*b**2. Calculate i(0).
-5
Let n = -27 + 45. Let j = n - 15. Let q(d) = -d + 1. Let i(u) = -u + 3. Let l(g) = -i(g) + 2*q(g). Determine l(j).
-4
Let x(h) = -h**3 - h**2 + h + 31. Let r(d) = -d**3 + 14*d**2 - 15*d + 26. Let b be r(13). What is x(b)?
31
Let n(y) be the first derivative of y**3/3 - 13*y**2/2 + 7*y + 130. What is n(6)?
-35
Suppose 3*c - 5*z - 38 = -10*z, 5*z = -4*c + 44. Let q = -4 + c. Let t(n) = n - n - n + 5 - q. Determine t(-3).
6
Let c(w) = -2 - w**3 - 4*w + 4*w**2 + 3 - 2. Let z = -209 - -212. What is c(z)?
-4
Let f(z) = -z**2 - z + 26. Let a be f(-5). Let c(i) = -i**2 + 5*i + 10. Calculate c(a).
4
Let f be (15/(-5) - 0) + 18. Let b(k) = f - 8 + k + 0*k. Let y = 0 - 0. Calculate b(y).
7
Let w(j) = -2*j + 3. Let z be 2 + -12*(4/3 - 1). Determine w(z).
7
Let g(s) be the first derivative of -s**3/6 - 7*s - 5. Let r(k) be the first derivative of g(k). Let d be (-12)/96 + (-31)/8. What is r(d)?
4
Suppose -2*c - 1 - 3 = -4*k, -c - 3*k = -8. Suppose 0 = 2*t + 2*i - 12 + 2, -t + c*i = 4. Let z = 7 - t. Let d(m) = -m**2 + 7*m - 7. Give d(z).
3
Let a(m) be the second derivative of -5*m**3/6 - m**2/2 - 31*m. Let f(l) = 4*l. Let p(b) = -3*a(b) - 4*f(b). What is p(2)?
1
Let a be ((-4)/(-12)*-1)/(1/(-21)). Let g(j) be the first derivative of -j**4/4 + 2*j**3 + 7*j**2/2 - 2*j + 1. What is g(a)?
-2
Let t(z) = 8*z - 4. Let g(y) = 22*y + 19*y - 40*y. Let c(x) = -14*g(x) + 2*t(x). Let h(r) = -r**2 + 5*r + 6. Let n be h(5). Give c(n).
4
Suppose 2*s + 6 = 2*r, 5*r - 5*s = -7*s + 15. Let c(o) = -2*o - 9. Calculate c(r).
-15
Let n(t) = -391 - 12*t**2 - 12*t + 180 - t**3 + 194. What is n(-11)?
-6
Let k be 2/3*(-3)/(-2). Suppose 2*g - 5 = -k. Let s(h) = -g*h + 4 + 0 + 0 - h - h**2. Determine s(-4).
0
Let a(i) = -19*i**2 - 14*i. Let d(z) = 7*z**2 + 5*z. Let n(m) = -4*a(m) - 11*d(m). Let h = 8 + -5. What is n(h)?
-6
Let u(s) = s**2 - 6*s - 12. Let z be (4 + 182/(-21))/(6/(-9)). Calculate u(z).
-5
Let a(f) = -3*f - 3. Suppose 2*r + 8 = -c, 4*c - 16*r = -20*r - 24. Calculate a(c).
9
Let i(q) = q**2 - 7*q + 1. Let u(n) = -7*n**2 + 44*n - 6. Let c(l) = 6*i(l) + u(l). Give c(2).
0
Let z(i) = 3*i + 5*i - 11 - 7*i. Let f = 136 + -136. Give z(f).
-11
Let n(j) be the third derivative of -j**4/24 - j**3/2 + 8*j**2. Let l be (-5 + 1)*9/(-18) + 1. What is n(l)?
-6
Let t(d) = 2702*d**2 - 5410*d**2 - 2*d + 2710*d**2. What is t(6)?
60
Let y(w) = -w - 9*w - 21 + 19 + 2*w + 0*w. Determine y(3).
-26
Let x be ((-10)/4)/(6/(-12)). Suppose 3*g = -4*f + 26, x*f - 3 - 12 = 5*g. Let i(h) = h**2 - 59 - 3*h + 61 + 0*h**g. Determine i(3).
2
Let t(s) = -s**3 + 3*s**2 + 2*s + 1. Suppose j = -0*j + 5, -5*j + 22 = -x. Let n be t(x). Let v(u) = n*u - 4*u - 6*u. Calculate v(2).
-6
Let f(j) be the second derivative of -j**3/6 + j**2/2 + 3*j + 13. Calculate f(1).
0
Let v be 53/5 + 22/55. Suppose 15*p - 4 = v*p. Let n(q) = 5*q**2 + q - 1. What is n(p)?
5
Let m be (-50)/(-6) - (-6)/(-18). Suppose 3*x = 2*g - m, 5*g + 3*x + 30 = -2*x. Let q(o) = o**3 + o**2 - o - 2. Calculate q(g).
-4
Let t(q) = 17 - q + 14 + 3*q - q**3 + 16 - 44 + 3*q**2. What is t(5)?
-37
Let j(u) = -2*u + 11. Let x(h) = 0*h**2 + 6*h**3 - 2*h**3 + 8 - 6*h - 3*h**3 + 5*h**2. Let z be x(-6). Determine j(z).
-5
Let b(c) = -c**3 - 5*c**2 - 2*c + 2. Let v(f) = -f - 17. Let q be v(12). Let h = q + 16. Let o = 9 + h. Give b(o).
-6
Let a(f) = 3*f - 4. Let i(x) = x**3 + 25*x**2 + 25*x + 26. Suppose -4*v + 5*o - 91 = 0, -4*v + 2*v - 51 = 3*o. Let z be i(v). Give a(z).
2
Let w(y) = -y**3 + y**2 + 7*y + 18. Let c(t) = -t**3 + 2*t**2 + 8*t + 23. Let b(i) = 2*c(i) - 3*w(i). Calculate b(-2).
-2
Let t(q) = 3*q - 19. Let v = -56 - -64. Let f be t(v). Let o(p) = -p**2 + 6*p + 4. Calculate o(f).
9
Suppose -4*g = 24 - 120. Let b = g - 24. Let s(j) = j**3 + j**2 + j - 5. Determine s(b).
-5
Suppose 10*c - 2*c = 528. Let d = 59 - c. Let m(w) = w**3 + 8*w**2 + 5*w - 8. Determine m(d).
6
Let d(t) = -14*t - 5. Let a(j) = -11*j - 4. Let c(h) = 5*a(h) - 4*d(h). Determine c(0).
0
Let s(g) be the first derivative of -3/2*g**2 + 0*g - 6 + 1/24*g**4 + 1/2*g**3. Let l(p) be the second derivative of s(p). Determine l(0).
3
Suppose -5*v - 9 = 31. Let x be (v/(-16))/(2/(-8)). Let r be (7 - 2 - x) + -2. Let u(b) = 2*b - 4. What is u(r)?
6
Let c(g) be the first derivative of -g**3/3 - g**2/2 - g - 122. Suppose 0 = j - 2 - 0. Suppose -j*m + 4 = -0*m. Determine c(m).
-7
Let l(s) = 94*s - 1. Let r be l(1). Let h(c) = -46*c + r*c + c**3 - 43*c + 7*c**2 - 6. What is h(-6)?
6
Suppose -2*z - 5*x + 130 = 3*z, 2*z - 40 = 4*x. Let n = -22 + z. Let w(f) = 2*f + 2 - f - 2*f + f**2 + f**2. Determine w(n).
8
Let t(a) = -2*a - 4 + 1 + 13. Suppose 5*r + l = 34, -81*r + 79*r - 4*l = -10. Determine t(r).
-4
Let y(z) be the third derivative of z**7/2520 - z**6/720 - z**5/60 - 2*z**2. Let w(p) be the third derivative of y(p). Suppose -3*v - 44*v = -235. What is w(v)?
9
Suppose 4*y + 20 = r - 8, -4 = 2*r + 4*y. Let x(d) = d**3 - 9*d**2 + 7*d + 8. Calculate x(r).
0
Let n(v) = -10*v**3 + 2*v**2 + 5*v - 9. Let f(a) = 8*a**3 - 3*a**2 - 4*a + 8. Let y(q) = 4*f(q) + 3*n(q). Determine y(4).
33
Let b(q) be the first derivative of q**4/4 + q**3 - q**2 - 4*q + 138. What is b(-4)?
-12
Let t(g) be the second derivative of -5/2*g**2 + 1/20*g**5 - 3*g + 1/2*g**3 - 1/2*g**4 + 0. Suppose 0 = -o - 139 + 145. Determine t(o).
13
Let a(i) = i. Let h(z) be the second derivative of 3*z - 1/6*z**3 + 0 + 1/2*z**2. Let m(b) = -4*a(b) - 3*h(b). Calculate m(0).
-3
Let f(j) = -j**3 + 5*j**2 + 7*j - 3. Let v be f(6). Suppose -2*i + 3*h + 14 = -0*i, -i = 2*h. Let l(k) = k + 0*k + i*k - 4 - 6*k. Give l(v).
-7
Let m(b) be the second derivative of -b**3/3 - 4*b**2 + 169*b. Determine m(-6).
4
Let v(l) be the second derivative of -5*l**3/6 + 4*l**2 + 46*l + 2. What is v(7)?
-27
Let g(m) = 54*m**2 + 53*m + 9. Let d(s) = -31*s**2 - 27*s - 4. Let q(j) = -7*d(j) - 4*g(j). Calculate q(23).
-8
Suppose -2*a + j - 1 = 4*j, -2*a = 2*j. Let i(h) = h**2 - 3*h**2 - 15*h**3 + 2*h**2 - h**2 + 1. Give i(a).
-15
Let m(s) = -2*s**2 + 4*s - 1. Let p(o) = -o. Let n be p(-4). Let c = n + -2. Let d be (-1 - 9)/(-2) - c. Give m(d).
-7
Let w(b) = -24*b**2 - 11*b**2 + 19*b**2. Give w(1).
-16
Let r be 3*-5*(-5)/25. Let f(n) = 0*n**2 + n**r - 21*n + 31*n + 10*n**2 + 11. What is f(-9)?
2
Let t(j) = -5*j**2 + 3*j**3 + 15 + 13*j**2 + 11*j + 3*j**2. Let g(z) = 52*z**2 - 2*z**3 - 2*z - 5*z - 10 - 59*z**2. Let o(u) = 8*g(u) + 5*t(u). Determine o(0).
-5
Let i(o) be the second derivative of -o**5/20 + 7*o**4/12 - o**3 + 7*o**2/2 - 2*o + 15. Let m = 0 - -6. Give i(m).
7
Let c(h) = h**2 + h + 1. Let y be 1 - (3/2 - 1)*0. Let v(d) = d**2 - 3*d + 4. Let a(k) = y*v(k) - 2*c(k). What is a(-3)?
8
Let h be (8 - -1)/3 + -10. Let r(z) = -z**3 - 7*z**2 - z - 8. What is r(h)?
-1
Suppose 0*c + 2*a + 12 = 3*c, c + 1 = -a. Let g(l) be the first derivative of l**4/4 - l**3/3 - 2*l + 1031. Determine g(c).
2
Let g(j) = -j**3 - 2*j**2 + j. Let u(s) = -9*s - 84. Let a be u(-9). Give g(a).
6
Let h(a) = 5*a**2 - 43*a - 2. Let j be h(8). Let f(l) = l**3 + 26*l**2 + l + 32. What is f(j)?
6
Let c be (0 + -4 - -8) + -15. Let j = c + 14. Let z(x) = -x**3 + 3*x**2 + 2*x + 1. Determine z(j).
7
Let s(u) = -18*u - 6. Let y(m) = 17*m + 5. Let q(z) = -6*s(z) - 7*y(z). Suppose 1 = g - 0. Give q(g).
-10
Let g = 0 - -5. Suppose -g = 4*z - 13. Suppose 0 = -o + 1, -z*w + 0*w + 13 = o. Let u(n) = -n**2 + 7*n + 2. Determine u(w).
8
Let d(f) = -f**2 + 18*f + 87. Let a be d(22). Let p = -2 - 1. Let n = p - a. Let r(s) = 7*s